be t(-4). Let y = h + -9. Suppose -150*s + 104*s + 2760 = 0. Calculate the highest common factor of s and y.
15
Suppose -5*w - 73 = -c - c, w - 3*c + 25 = 0. Let r = -8 - w. Suppose n - v = -2*v + 9, r*n = -v + 61. What is the highest common factor of n and 117?
13
Let m(f) = f**2 + 3*f + 6. Let j be m(-4). Suppose z = -5*z + 150. What is the highest common divisor of z and j?
5
Let a be 64/16 + -20 + 0. Let c = a + 142. Suppose -3*s = -3*r - 39, r + 28 - 1 = 2*s. Calculate the highest common factor of s and c.
14
Suppose 2*c + c = 6. Let x(r) = r**2 + 9*r - 6. Let g be x(-9). Let u = c - g. What is the greatest common factor of 24 and u?
8
Let h(z) = 6*z + 7. Let d be h(5). Suppose -38*m = -d*m - 2. Calculate the greatest common factor of 8 and m.
2
Let j = 17 - 2. Let s = 20 - j. Suppose g + 2*n + 0*n = 1, n - 41 = -s*g. Calculate the highest common factor of 90 and g.
9
Let c = 346 - 328. What is the greatest common factor of 81 and c?
9
Let h(m) = -9*m**3 - m**2 + 12*m + 5. Let v be h(-5). What is the greatest common factor of 22 and v?
11
Let p be (-22)/(-2) + -4 + 0. Suppose 5*a - 31 = -2*j - 2*j, 3*j - 18 = -2*a. Suppose 10 + j = 2*i. Calculate the highest common divisor of i and p.
7
Let v = -120 + 168. Let a = -36 + v. Let f be (-2)/7 - 46/(-14). What is the highest common divisor of f and a?
3
Let i(j) = 21*j + 2. Let h be i(2). Let z be 15/(-6) - 1/2. Let r be 4*1*(z - -2 - -2). Calculate the highest common divisor of h and r.
4
Let x be 35/(-15)*(-6)/1. Suppose -2*w - 4*q = -x, -4*w - 2*q = -4*q - 68. Let r be (-523)/(-7) + (-2)/(-7). Calculate the highest common factor of w and r.
15
Suppose -5 + 37 = 2*d + 5*r, 0 = -3*d - 2*r + 70. Let v = 29 - d. Calculate the greatest common divisor of v and 69.
3
Let h be -10*4/8*-1. Let q be (h - 3)/(3/48). Let i = -20 + q. What is the greatest common factor of i and 84?
12
Suppose 0 = -11*h - h + 144. Calculate the greatest common factor of 60 and h.
12
Suppose -4*t + 158 = z, -t - 4*t - z = -198. Suppose 3*m - 20 = -w, 4*m + 160 = 11*w - 7*w. Let b = w - 27. What is the highest common divisor of t and b?
8
Suppose -1 = -3*r + 8. Suppose b - 84 = -r*b. Let q be (-2)/(-2) - -2*1. Calculate the highest common factor of q and b.
3
Suppose -29*b - 585 = -18*b - 16*b. Let m = -33 + 46. What is the greatest common factor of b and m?
13
Let d = 203 - 27. Calculate the highest common factor of 22 and d.
22
Suppose 16*l = 10*l + 444. Suppose 3*t - 138 = -2*t - 2*c, -c = -3*t + l. What is the greatest common factor of t and 52?
26
Let x = -533 + 539. What is the highest common factor of 2 and x?
2
Let n = -35524 - -35574. Suppose -3*k = k, -5*t + 50 = 3*k. Calculate the highest common factor of t and n.
10
Let p be (42/(-4))/(69/(-12) + 5). What is the greatest common divisor of p and 182?
14
Let n = 1752 - 1704. Suppose -4*r - 5*g = -19, -4*r - 3*g = 5 - 26. Calculate the highest common divisor of r and n.
6
Let w be 45 + (-1)/((-8)/40). Suppose 3*c - 2*c = 10. Calculate the greatest common factor of w and c.
10
Let s be 8/(-6)*-1*3. Let i(p) = 125*p**2 + 6*p + 1 + 2*p**3 - 126*p**2 - 5. Let b be i(2). What is the highest common divisor of b and s?
4
Let h(p) = -3*p + 9. Let s be h(0). Calculate the highest common factor of 171 and s.
9
Let v(q) = 87*q - 378. Let t be v(5). Let m(b) = -3*b**3 - 2*b**2 + 3*b + 3. Let w be m(-3). Calculate the greatest common factor of w and t.
57
Let g(v) be the first derivative of v**4/2 - 7*v**3/3 + v**2/2 + v + 2. Let y be g(6). Suppose 90 = 13*n - 131. What is the greatest common divisor of n and y?
17
Let j(p) = 3*p. Let z be -1 + 3 - (-3 + -2). Let m be j(z). Let v be 1/7 + 585/m. Calculate the greatest common factor of v and 70.
14
Suppose -4*k = -0*k - 24. Let p(x) = -6*x**2 - x - 13. Let z be p(-3). Let c = z - -76. Calculate the greatest common divisor of c and k.
6
Suppose 5*m - 4*c + 12 - 126 = 0, -3*c = -12. What is the greatest common divisor of 442 and m?
26
Let d(c) = -146*c - 365. Let a be d(-8). Calculate the greatest common factor of a and 73.
73
Suppose j + 8 = 2*j. Let y = -34 - -84. Suppose 218 = 3*c + y. Calculate the greatest common factor of j and c.
8
Suppose -3*a + 1 = 4*l, 5*a = 2*l + l - 37. Let s(u) = u + 8. Let w be s(a). Suppose 5*q - 3 = 4*q. What is the greatest common factor of w and q?
3
Let j = -578 - -622. Suppose 2*q + f = -0*f + 135, -69 = -q - f. What is the highest common factor of q and j?
22
Suppose 7 - 14 = w + 2*a, -5*w = -5*a + 20. Let r(s) = 3*s**2 - 4*s + 4. Let b be r(w). What is the greatest common factor of b and 9?
9
Let h = -105 + 72. Let t = -2 - h. Let j = 40 - t. Calculate the greatest common divisor of 72 and j.
9
Let b(n) = -7*n + 4*n**2 + 7*n. Let v be b(4). What is the greatest common divisor of 8 and v?
8
Let c be ((-4)/(-8) + 2)*-2. Let x = c + 16. What is the greatest common divisor of x and 22?
11
Suppose 0*j = j - 6. Suppose -22*q + 25*q = 90. What is the greatest common divisor of q and j?
6
Let a = -60 - -12. Let k = a + 66. What is the highest common factor of 162 and k?
18
Suppose h = -3*k + 14, 0*h + 2*h + 8 = 0. Suppose -3 = k*l - 93. Calculate the highest common factor of 3 and l.
3
Let r = 273 + -270. What is the greatest common factor of r and 7?
1
Let x(t) = -3 + 2*t**2 + 6*t + 7*t + 2*t + 16. Let y be x(-9). Calculate the greatest common factor of y and 20.
20
Let d = 34 - 20. Suppose 0 = 7*t - d*t + 504. Calculate the highest common factor of t and 18.
18
Let v = 103 - 102. Let s = 13 - 5. What is the greatest common divisor of s and v?
1
Suppose -6*b + 64 = -2*b. Suppose -2*r = -3*p - 2*p - b, -r = 3*p + 3. What is the greatest common divisor of r and 15?
3
Suppose 5*a - 5*c - 2455 = 0, c - 2473 = 10*a - 15*a. What is the greatest common factor of a and 52?
26
Suppose 97 = n + 7. Let w be -2 + 2 + 0/(-4). Suppose 9*y = -w*y + 90. What is the highest common factor of n and y?
10
Suppose -16 = -13*u + 257. What is the greatest common factor of 357 and u?
21
Suppose 0 = 4*r - r + 2*f - 275, -2*r = -5*f - 215. What is the greatest common divisor of r and 57?
19
Let j = 238 + -205. Let k be (-3692)/(-14) + 2/7. Calculate the greatest common divisor of j and k.
33
Suppose 9*u = -1159 + 12130. Calculate the highest common divisor of 53 and u.
53
Let y = 31 - 19. Let w be (1 + (-3)/(-6))*(-32)/(-6). Let u = y - w. Calculate the highest common divisor of u and 16.
4
Let o(l) = 11*l + 5*l**2 + 9*l**2 + l**3 + 1 - 9 - 17. Let d be o(-13). Calculate the greatest common factor of 7 and d.
1
Suppose -p + 3*q + 0*q + 28 = 0, -12 = 3*q. Suppose -j = 5*w + 2, 2*w = 3*w + 1. Suppose 1 = k - j. What is the highest common divisor of p and k?
4
Let k be (-2 + (-2 - -292))*22/33. Suppose 5*m = -0*m + 2*c + 112, -92 = -3*m - 5*c. Calculate the greatest common divisor of k and m.
24
Let b = 1716 - 1560. Calculate the highest common factor of b and 741.
39
Suppose 0 = 16*q - 677 - 379. Let g be (-165)/2*(0 + -2). What is the greatest common divisor of q and g?
33
Let r = 15 + -10. Suppose -r*g = 2*g - 28. Let u be ((-15)/9)/(g/(-24)). What is the greatest common divisor of 110 and u?
10
Let t(k) = 2*k**2 + k + 5. Suppose 6*m = 16 + 8. Let n be t(m). What is the highest common divisor of n and 369?
41
Suppose 2*a + d - 463 = -a, -a = 5*d - 159. What is the greatest common factor of a and 98?
14
Let o = -75 - -80. What is the highest common divisor of o and 25?
5
Let o = -18 + 2. Let x = -8 - o. Let d = x + -2. Calculate the highest common factor of 48 and d.
6
Suppose -2*r + i = -2*i - 14, -2*i + 14 = r. Suppose -r*t + 9*t = -14. Let x = 105 + -63. What is the highest common factor of x and t?
14
Let c = 185 + -53. Calculate the greatest common factor of 99 and c.
33
Let a be (-26)/1*(-1)/2. Let b(t) = 14*t - 9. Suppose 0 = -y - 0*y - 2*j + 17, 4*j - 43 = -3*y. Let n be b(y). Calculate the highest common factor of a and n.
13
Suppose 0 = 4*z - 3*z + 2*d - 38, 0 = -5*z + 5*d + 205. Let p be 5 - 1*(0 - 27). Calculate the greatest common factor of z and p.
8
Suppose 12 + 4 = 4*b. Suppose d = i + 5, b*d + 2*i + 2*i = 60. Calculate the highest common factor of 90 and d.
10
Let m(r) = 10*r - 8. Let v be m(2). What is the greatest common factor of 24 and v?
12
Suppose 5*k = -61 - 24. Suppose -4*f + 101 + 15 = 0. Let c